{"id":1172,"date":"2023-03-02T08:43:00","date_gmt":"2023-03-02T07:43:00","guid":{"rendered":"http:\/\/test.moeckernkiez-ev.de\/?page_id=1172"},"modified":"2023-05-16T08:08:01","modified_gmt":"2023-05-16T06:08:01","slug":"filmabende-faqs","status":"publish","type":"page","link":"https:\/\/moeckernkiez-ev.de\/Wordpress_MK\/filmabende-faqs\/","title":{"rendered":"Filmabende &#8211; FAQs"},"content":{"rendered":"\n<p><strong>Filmabende im M\u00f6ckernkiez <\/strong><strong>(M\u00f6ca, M\u00f6ckernkiez 2, Kreuzberg)<\/strong><\/p>\n\n\n\n<p><strong>Der Eintritt zum \u201cFilmabend\u201d oder zum \u201cKino f\u00fcr Kinder\u201d ist kostenlos<\/strong><\/p>\n\n\n\n<p><strong>Platz ist f\u00fcr etwa 30 G\u00e4ste<\/strong><\/p>\n\n\n\n<p><strong>Anmeldung nicht erforderlich<\/strong><\/p>\n\n\n\n<p><strong>Einlass zehn Minuten vor Beginn<\/strong><\/p>\n\n\n\n<p><strong>Mithilfe beim Aufstellen und Wegr\u00e4umen der St\u00fchle willkommen<\/strong><\/p>\n\n\n\n<p><strong>Getr\u00e4nke gibts gegen eine Spende vorne im M\u00f6ca &#8211; oder selbst mitbringen<\/strong><\/p>\n\n\n\n<p><strong>Kleinigkeit zum Essen kann mitgebracht werden<\/strong><\/p>\n\n\n\n<p><strong>Es gibt zwei WCs (eines davon ist rollstuhltauglich)<\/strong><\/p>\n\n\n\n<p><strong>Warum findet der Filmabend um 18 Uhr statt und nicht sp\u00e4ter?<\/strong><\/p>\n\n\n\n<p>Weil die meisten Filme FSK 0 , 6 oder 12 sind und deswegen auch Jugendliche kommen k\u00f6nnen. F\u00fcr sie ist 20 Uhr aber etwas zu sp\u00e4t.<\/p>\n\n\n\n<p>Kino f\u00fcr Kinder findet sp\u00e4testens um 16 Uhr statt.<\/p>\n\n\n\n<p><strong>Warum wird um 3 Euro Spende gebeten?<\/strong><\/p>\n\n\n\n<p>Um die Filmvorf\u00fchr-Lizenzgeb\u00fchr und die GEMA-Geb\u00fchr zu bezahlen. Manche DVDs sind schon vorhanden, manche m\u00fcssen gekauft werden. Der Verein ist gemeinn\u00fctzig. Ein etwaiger \u00dcberschuss kommt dem guten Zweck zugute.<\/p>\n\n\n\n<p><strong>Wer veranstaltet die Filmabende?<\/strong><\/p>\n\n\n\n<p>Eva Zimmermann und Dieter Wettig<\/p>\n\n\n\n<p>Kontakt: <a href=\"mailto:dieter@wettig.de\">dieter@wettig.de<\/a> &#8211; 0160 9821 9818. Titel Vorschl\u00e4ge sind willkommen.<\/p>\n\n\n\n<p><strong>Gibt es eine Mailingliste?<\/strong><\/p>\n\n\n\n<p>Ja. Du willst auf die Mailingliste? Gerne. Dann schreibe an <a href=\"mailto:dieter@wettig.de\">dieter@wettig.de<\/a> .<\/p>\n\n\n\n<p><strong>Wie oft findet der Filmabend statt?<\/strong><\/p>\n\n\n\n<p>Ein- bis zweimal im Monat.<\/p>\n\n\n\n<p><strong>Wo findet der Filmabend und das Kino f\u00fcr Kinder statt?<\/strong><\/p>\n\n\n\n<p>M\u00f6ckernkiez 2, Eingang zum M\u00f6ca-Caf\u00e9, dann nach hinten durchgehen zum <strong>Forum<\/strong>.<\/p>\n\n\n\n<p><strong>Hinweise an Filmemacherinnen, Produzentinnen, Rechteinhaber etc.:<\/strong><\/p>\n\n\n\n<p class=\"has-text-align-right\">Falls Du Deinen Film im Rahmen des \u201cFilmabends\u201d zeigen m\u00f6chtest, kannst Du Dich gerne an mich (Dieter) wenden. Der Eintritt zum \u201cFilmabend\u201d ist immer kostenlos.<\/p>\n\n\n\n<p class=\"has-text-align-right\"><strong>Wichtige Fragen:<\/strong><\/p>\n\n\n\n<p class=\"has-text-align-right\">Ist Dein Film GEMA-pflichtig?<\/p>\n\n\n\n<p class=\"has-text-align-right\">Hat der Film eine FSK-Wertung?<\/p>\n\n\n\n<p class=\"has-text-align-right\">Besitzt Du die Vorf\u00fchrrrechte?<\/p>\n\n\n\n<p class=\"has-text-align-right\">Hast Du den Film auf einer DVD (<strong>nicht<\/strong> BluRay), die hier auf einem normalen DVD-Player l\u00e4uft?<\/p>\n\n\n\n<p><strong>Nat\u00fcrlich werden im M\u00f6ca und Forum auch Filme au\u00dferhalb des hier beschriebenen \u201cFilmabends\u201d gezeigt.<\/strong><\/p>\n\n\n\n<p><strong>Z. B. von AGs oder anderen Initiativen oder Einzelpersonen. Wende Dich bei Bedarf an den <\/strong><a href=\"https:\/\/moeckernkiez-ev.de\/kieznetz\/\" target=\"_blank\" rel=\"noreferrer noopener\"><strong>Verein M\u00f6ckernkiez e. V<\/strong><\/a><strong>., der die R\u00e4ume betreibt.<\/strong><\/p>\n","protected":false},"excerpt":{"rendered":"<p>Filmabende im M\u00f6ckernkiez (M\u00f6ca, M\u00f6ckernkiez 2, Kreuzberg) Der Eintritt zum \u201cFilmabend\u201d oder zum \u201cKino f\u00fcr Kinder\u201d ist kostenlos Platz ist f\u00fcr etwa 30 G\u00e4ste Anmeldung nicht erforderlich Einlass zehn Minuten vor Beginn Mithilfe beim Aufstellen und Wegr\u00e4umen der St\u00fchle willkommen Getr\u00e4nke gibts gegen eine Spende vorne im M\u00f6ca &#8211; oder selbst mitbringen Kleinigkeit zum Essen &#8230; <\/p>\n<p class=\"read-more-container\"><a title=\"Filmabende &#8211; FAQs\" class=\"read-more button\" href=\"https:\/\/moeckernkiez-ev.de\/Wordpress_MK\/filmabende-faqs\/#more-1172\" aria-label=\"Mehr Informationen \u00fcber Filmabende &#8211; FAQs\">Beitrag lesen<\/a><\/p>\n","protected":false},"author":4,"featured_media":0,"parent":0,"menu_order":0,"comment_status":"closed","ping_status":"closed","template":"","meta":{"footnotes":""},"class_list":["post-1172","page","type-page","status-publish"],"publishpress_future_action":{"enabled":false,"date":"2026-05-08 23:58:22","action":"change-status","newStatus":"draft","terms":[],"taxonomy":"","extraData":[]},"publishpress_future_workflow_manual_trigger":{"enabledWorkflows":[]},"_links":{"self":[{"href":"https:\/\/moeckernkiez-ev.de\/Wordpress_MK\/wp-json\/wp\/v2\/pages\/1172","targetHints":{"allow":["GET"]}}],"collection":[{"href":"https:\/\/moeckernkiez-ev.de\/Wordpress_MK\/wp-json\/wp\/v2\/pages"}],"about":[{"href":"https:\/\/moeckernkiez-ev.de\/Wordpress_MK\/wp-json\/wp\/v2\/types\/page"}],"author":[{"embeddable":true,"href":"https:\/\/moeckernkiez-ev.de\/Wordpress_MK\/wp-json\/wp\/v2\/users\/4"}],"replies":[{"embeddable":true,"href":"https:\/\/moeckernkiez-ev.de\/Wordpress_MK\/wp-json\/wp\/v2\/comments?post=1172"}],"version-history":[{"count":6,"href":"https:\/\/moeckernkiez-ev.de\/Wordpress_MK\/wp-json\/wp\/v2\/pages\/1172\/revisions"}],"predecessor-version":[{"id":1702,"href":"https:\/\/moeckernkiez-ev.de\/Wordpress_MK\/wp-json\/wp\/v2\/pages\/1172\/revisions\/1702"}],"wp:attachment":[{"href":"https:\/\/moeckernkiez-ev.de\/Wordpress_MK\/wp-json\/wp\/v2\/media?parent=1172"}],"curies":[{"name":"wp","href":"https:\/\/api.w.org\/{rel}","templated":true}]}}

<p><strong>Filmabende im Möckernkiez </strong><strong>(Möca, Möckernkiez 2, Kreuzberg)</strong></p>



<p><strong>Der Eintritt zum “Filmabend” oder zum “Kino für Kinder” ist kostenlos</strong></p>



<p><strong>Platz ist für etwa 30 Gäste</strong></p>



<p><strong>Anmeldung nicht erforderlich</strong></p>



<p><strong>Einlass zehn Minuten vor Beginn</strong></p>



<p><strong>Mithilfe beim Aufstellen und Wegräumen der Stühle willkommen</strong></p>



<p><strong>Getränke gibts gegen eine Spende vorne im Möca &#8211; oder selbst mitbringen</strong></p>



<p><strong>Kleinigkeit zum Essen kann mitgebracht werden</strong></p>



<p><strong>Es gibt zwei WCs (eines davon ist rollstuhltauglich)</strong></p>



<p><strong>Warum findet der Filmabend um 18 Uhr statt und nicht später?</strong></p>



<p>Weil die meisten Filme FSK 0 , 6 oder 12 sind und deswegen auch Jugendliche kommen können. Für sie ist 20 Uhr aber etwas zu spät.</p>



<p>Kino für Kinder findet spätestens um 16 Uhr statt.</p>



<p><strong>Warum wird um 3 Euro Spende gebeten?</strong></p>



<p>Um die Filmvorführ-Lizenzgebühr und die GEMA-Gebühr zu bezahlen. Manche DVDs sind schon vorhanden, manche müssen gekauft werden. Der Verein ist gemeinnützig. Ein etwaiger Überschuss kommt dem guten Zweck zugute.</p>



<p><strong>Wer veranstaltet die Filmabende?</strong></p>



<p>Eva Zimmermann und Dieter Wettig</p>



<p>Kontakt: <a href="mailto:dieter@wettig.de">dieter@wettig.de</a> &#8211; 0160 9821 9818. Titel Vorschläge sind willkommen.</p>



<p><strong>Gibt es eine Mailingliste?</strong></p>



<p>Ja. Du willst auf die Mailingliste? Gerne. Dann schreibe an <a href="mailto:dieter@wettig.de">dieter@wettig.de</a> .</p>



<p><strong>Wie oft findet der Filmabend statt?</strong></p>



<p>Ein- bis zweimal im Monat.</p>



<p><strong>Wo findet der Filmabend und das Kino für Kinder statt?</strong></p>



<p>Möckernkiez 2, Eingang zum Möca-Café, dann nach hinten durchgehen zum <strong>Forum</strong>.</p>



<p><strong>Hinweise an Filmemacherinnen, Produzentinnen, Rechteinhaber etc.:</strong></p>



<p class="has-text-align-right">Falls Du Deinen Film im Rahmen des “Filmabends” zeigen möchtest, kannst Du Dich gerne an mich (Dieter) wenden. Der Eintritt zum “Filmabend” ist immer kostenlos.</p>



<p class="has-text-align-right"><strong>Wichtige Fragen:</strong></p>



<p class="has-text-align-right">Ist Dein Film GEMA-pflichtig?</p>



<p class="has-text-align-right">Hat der Film eine FSK-Wertung?</p>



<p class="has-text-align-right">Besitzt Du die Vorführrrechte?</p>



<p class="has-text-align-right">Hast Du den Film auf einer DVD (<strong>nicht</strong> BluRay), die hier auf einem normalen DVD-Player läuft?</p>



<p><strong>Natürlich werden im Möca und Forum auch Filme außerhalb des hier beschriebenen “Filmabends” gezeigt.</strong></p>



<p><strong>Z. B. von AGs oder anderen Initiativen oder Einzelpersonen. Wende Dich bei Bedarf an den </strong><a href="https://moeckernkiez-ev.de/kieznetz/" target="_blank" rel="noreferrer noopener"><strong>Verein Möckernkiez e. V</strong></a><strong>., der die Räume betreibt.</strong></p>

<p>Filmabende im Möckernkiez (Möca, Möckernkiez 2, Kreuzberg) Der Eintritt zum “Filmabend” oder zum “Kino für Kinder” ist kostenlos Platz ist für etwa 30 Gäste Anmeldung nicht erforderlich Einlass zehn Minuten vor Beginn Mithilfe beim Aufstellen und Wegräumen der Stühle willkommen Getränke gibts gegen eine Spende vorne im Möca &#8211; oder selbst mitbringen Kleinigkeit zum Essen &#8230; </p>
<p class="read-more-container"><a title="Filmabende &#8211; FAQs" class="read-more button" href="https://moeckernkiez-ev.de/Wordpress_MK/filmabende-faqs/#more-1172" aria-label="Mehr Informationen über Filmabende &#8211; FAQs">Beitrag lesen</a></p>
