{"id":3910,"date":"2024-05-08T18:21:12","date_gmt":"2024-05-08T16:21:12","guid":{"rendered":"https:\/\/moeckernkiez-ev.de\/Wordpress_MK\/?page_id=3910"},"modified":"2026-03-03T11:57:14","modified_gmt":"2026-03-03T10:57:14","slug":"erinnerung-gleis-1","status":"publish","type":"page","link":"https:\/\/moeckernkiez-ev.de\/Wordpress_MK\/erinnerung-gleis-1\/","title":{"rendered":"Erinnerung Gleis 1"},"content":{"rendered":"\n<div class=\"wp-block-media-text is-stacked-on-mobile\" style=\"grid-template-columns:29% auto\"><figure class=\"wp-block-media-text__media\"><img loading=\"lazy\" decoding=\"async\" width=\"1024\" height=\"218\" src=\"https:\/\/moeckernkiez-ev.de\/Wordpress_MK\/wp-content\/uploads\/2024\/06\/Logo_ErinnerungGleis1_RGB-1024x218.png\" alt=\"\" class=\"wp-image-4246 size-full\" srcset=\"https:\/\/moeckernkiez-ev.de\/Wordpress_MK\/wp-content\/uploads\/2024\/06\/Logo_ErinnerungGleis1_RGB-1024x218.png 1024w, https:\/\/moeckernkiez-ev.de\/Wordpress_MK\/wp-content\/uploads\/2024\/06\/Logo_ErinnerungGleis1_RGB-300x64.png 300w, https:\/\/moeckernkiez-ev.de\/Wordpress_MK\/wp-content\/uploads\/2024\/06\/Logo_ErinnerungGleis1_RGB-768x164.png 768w, https:\/\/moeckernkiez-ev.de\/Wordpress_MK\/wp-content\/uploads\/2024\/06\/Logo_ErinnerungGleis1_RGB.png 1055w\" sizes=\"auto, (max-width: 1024px) 100vw, 1024px\" \/><\/figure><div class=\"wp-block-media-text__content\">\n<p class=\"has-text-align-right\"><a href=\"https:\/\/moeckernkiez-ev.de\/Wordpress_MK\/history-project-anhalter-bahnhof-track-1\/\">English version<\/a>, <a href=\"https:\/\/moeckernkiez-ev.de\/Wordpress_MK\/1-%d7%90%d7%a0%d7%94%d7%90%d7%9c%d7%98%d7%a8-%d7%91%d7%90%d7%a0%d7%94%d7%95%d7%a3-%d7%a8%d7%a6%d7%99%d7%a3\/\">Hebrew version<\/a>, <a href=\"https:\/\/moeckernkiez-ev.de\/Wordpress_MK\/?page_id=5817\">\u010cesk\u00e1 verze<\/a>, <a href=\"https:\/\/moeckernkiez-ev.de\/Wordpress_MK\/?page_id=5819\">Version fran\u00e7aise<\/a>, <br><a href=\"https:\/\/moeckernkiez-ev.de\/Wordpress_MK\/version-espanola\/\" data-type=\"page\" data-id=\"9323\">Versi\u00f3n espa\u00f1ola<\/a>, <a href=\"https:\/\/moeckernkiez-ev.de\/Wordpress_MK\/japanische-version\/\" data-type=\"page\" data-id=\"10457\">japanese version<\/a>, <a href=\"https:\/\/moeckernkiez-ev.de\/Wordpress_MK\/erinnerungsort-gleis-1-einfache-sprache\/\" data-type=\"page\" data-id=\"9332\">Version leichte Sprache<\/a><\/p>\n<\/div><\/div>\n\n\n\n<figure class=\"wp-block-image size-large\"><img loading=\"lazy\" decoding=\"async\" width=\"1024\" height=\"256\" src=\"https:\/\/moeckernkiez-ev.de\/Wordpress_MK\/wp-content\/uploads\/2024\/06\/Gleise_Header_1200x300px-1024x256.jpg\" alt=\"\" class=\"wp-image-4247\"\/ style=\"margin-top:20px; margin-bottom:20px\" srcset=\"https:\/\/moeckernkiez-ev.de\/Wordpress_MK\/wp-content\/uploads\/2024\/06\/Gleise_Header_1200x300px-1024x256.jpg 1024w, https:\/\/moeckernkiez-ev.de\/Wordpress_MK\/wp-content\/uploads\/2024\/06\/Gleise_Header_1200x300px-300x75.jpg 300w, https:\/\/moeckernkiez-ev.de\/Wordpress_MK\/wp-content\/uploads\/2024\/06\/Gleise_Header_1200x300px-768x192.jpg 768w, https:\/\/moeckernkiez-ev.de\/Wordpress_MK\/wp-content\/uploads\/2024\/06\/Gleise_Header_1200x300px.jpg 1200w\" sizes=\"auto, (max-width: 1024px) 100vw, 1024px\" \/><\/figure>\n\n\n\n<h4 class=\"wp-block-heading\">Das Anliegen<\/h4>\n\n\n\n<p>Im Jahr 2024 wurde von der Arbeitsgemeinschaft \u201eErinnerungsort Gleis 1\u201c auf dem Gel\u00e4nde der genossenschaftlichen Wohnanlage M\u00f6ckernkiez eG in Berlin-Kreuzberg ein \u201eErinnerungsort\u201c geschaffen. Hier befindet sich seither ein historischer Weichenbock, mit dem Weichen umgelegt wurden, sowie eine Infotafel. Beide Objekte verweisen auf die sogenannten Alterstransporte von Berliner J\u00fcdinnen und Juden vom Anhalter Bahnhof in das Ghettolager Theresienstadt, die von 1942 bis 1945 stattfanden.<br>Dieser Ort soll Aufmerksamkeit wecken, zum Nachdenken anregen, \u00fcber den historischen Kontext informieren und zu interaktiver Beteiligung einladen. Damit reiht sich die Arbeitsgemeinschaft des M\u00f6ckernkiez e. V. in die historische Verantwortung Berlins f\u00fcr antisemitische Verbrechen ein und schafft einen erinnnerungskulturellen Bezug zu ihrem Wohngel\u00e4nde. Dadurch wird erkennbar, dass sich auch im unmittelbaren Wohnumfeld des M\u00f6ckernkiezes zeitgeschichtliche Spuren des NS-Regimes befinden. Die am Anhalter Bahnhof vorhandenen Gedenktafeln zu den \u201eAlterstransporten\u201c und die 2025 geschaffene Installation \u201eSchriftZug\u201c der Berliner K\u00fcnstlerin Christine Berndt auf den Gleisen im Gleisdreieckpark ergeben zusammen mit dem Erinnerungsort Yorckstra\u00dfe\/Ecke Katzbachstra\u00dfe einen Erinnerungsweg, der das Gedenken an die Opfer der NS-Gewaltherrschaft wachh\u00e4lt.<\/p>\n\n\n\n<h4 class=\"wp-block-heading\">Der Erinnerungsort<\/h4>\n\n\n\n<p>Das auf dem Gel\u00e4nde der M\u00f6ckernkiez eG pr\u00e4sentierte Objekt ist ein Weichenbock, mit dem Weichen von Hand gestellt wurden. Er tr\u00e4gt den Pr\u00e4gestempel \u201eFirma Fr. Beyersmann Hagen, 1927\u201c. Seit 1933 trat diese Firma mit Antr\u00e4gen auf Wirtschaftsf\u00f6rderung an den NS-Staat in Erscheinung. Diese F\u00f6rderung war ein Instrument, mit dem das NS-Regime die R\u00fcstungsindustrie wieder aufbauen und auf die Kriegswirtschaft vorbereiten wollte. Sp\u00e4ter geh\u00f6rte die Firma zum Konsortium der Hoesch AG, die u. a. R\u00fcstungsg\u00fcter produzierte und massenhaft Zwangsarbeiter einsetzte.<\/p>\n\n\n\n<p><br>Von Juni 1942 bis M\u00e4rz 1945 wurden am Anhalter Bahnhof 116-mal Waggons der 3. Klasse an regul\u00e4re Z\u00fcge angeh\u00e4ngt, die in Richtung Dresden fuhren. W\u00e4hrend die \u00fcbrigen Zugreisenden zur Arbeit oder in den Urlaub unterwegs waren, endete die Fahrt f\u00fcr fast 10.000 Berliner J\u00fcdinnen und Juden im Ghetto Theresienstadt. Auf diesen Zusammenhang weist die Infotafel am Erinnerungsort hin:<\/p>\n\n\n\n<blockquote class=\"wp-block-quote is-layout-flow wp-block-quote-is-layout-flow\">\n<p><em>Dieser Weichenbock geh\u00f6rte zu den Gleisen des Anhalter Bahnhofs.<\/em> <em>Hier sind Weichen gestellt worden f\u00fcr fast 10.000 J\u00fcdinnen und Juden aus Berlin.<\/em> <em>Die Nationalsozialisten haben sie von 1942 bis 1945 ins Ghetto Theresienstadt deportiert<\/em> <em>und sp\u00e4ter oft in das Vernichtungslager Auschwitz.<\/em><\/p>\n<\/blockquote>\n\n\n\n<h4 class=\"wp-block-heading\">Zum historischen Kontext<\/h4>\n\n\n\n<p>1933 begann das nationalsozialistische Regime mit der Ausgrenzung, Entrechtung, Verfolgung und Vertreibung der j\u00fcdischen Bev\u00f6lkerung. Diejenigen, die Deutschland nicht rechtzeitig verlassen konnten oder wollten, wurden deportiert. Um das Deutsche Reich \u201ejudenfrei\u201c zu machen, bezeichnete die NS-F\u00fchrung die ab Herbst 1941 reichsweit beginnenden Deportationen von J\u00fcdinnen und Juden als \u201eUmsiedlungen\u201c in die \u201eOstgebiete\u201c. Seit Oktober 1941 war ihnen die Auswanderung gesetzlich untersagt. So wurden fast 50.000 J\u00fcdinnen und Juden zwischen 1941 und 1945 aus Berlin in Ghettos im deutsch besetzten Mittel- und Osteuropa deportiert und fast alle ermordet. Der erste Deportationszug verlie\u00df das Gleis 17 des Bahnhofs Grunewald am 18. Oktober 1941. F\u00fcr die Vorbereitung der Transporte richtete die Berliner Gestapo Sammellager ein. Diese befanden sich in mehreren Stadtteilen und existierten unterschiedlich lange. Oftmals wurden hierf\u00fcr J\u00fcdische Altenheime genutzt, deren Bewohner:innen schon vorher deportiert wurden. Die J\u00fcdinnen und Juden mussten ihren Besitz an den NS-Staat abtreten. Die Berliner Finanzbeh\u00f6rden sch\u00e4tzten das zur\u00fcckgelassene Gut, beschlagnahmten und versteigerten es an Privatpersonen, die auf diese Weise g\u00fcnstig in den Besitz ihrer ehemaligen Nachbarn gelangten, wenn sie nicht schon vorher die verlassenen Wohnungen gepl\u00fcndert hatten, was gelegentlich vorkam. Die ger\u00e4umten und versiegelten Wohnungen wurden dem Wohnungsmarkt zugef\u00fchrt. Dabei hatte die Stadt Berlin die Verf\u00fcgungsgewalt.<br>Am Tag der Deportation wurden die zur Abreise vom Anhalter Bahnhof aus vorgesehenen J\u00fcdinnen und Juden zwischen zwei und drei Uhr morgens geweckt und bekamen ein einfaches Fr\u00fchst\u00fcck, das von Angestellten der j\u00fcdischen Gemeinde zubereitet wurde. Gegen vier Uhr verlie\u00dfen sie das Geb\u00e4ude in der Gro\u00dfen Hamburger Stra\u00dfe. Sie mussten zu Fu\u00df einige hundert Meter zum Monbijouplatz marschieren, wo ein Stra\u00dfenbahnwagen der Berliner Verkehrsbetriebe bereitstand. Gegen 5 Uhr 15 trafen sie am Anhalter Bahnhof in der Sch\u00f6neberger Stra\u00dfe ein. Durch einen Seiteneingang wurden sie zu Gleis 1 gebracht und mussten in Waggons der dritten Klasse einsteigen. Diese Waggons wurden an einen fahrplanm\u00e4\u00dfigen Personenzug angeh\u00e4ngt, der um 6 Uhr 07 abfuhr. In Dresden wurden die Waggons an einen anderen fahrplanm\u00e4\u00dfigen Zug nach Prag angekoppelt. Die Route f\u00fchrte die Elbe entlang nach Bohusovice (Bauschowitz). Die Deportierten mussten dort aussteigen und wurden von SS-Personal und der tschechischen Gendarmerie erwartet. Anschlie\u00dfend wurden sie gezwungen, mit ihrem Gep\u00e4ck die ca. drei Kilometer nach Theresienstadt zu marschieren. Nicht Gehf\u00e4hige wurden mit Lastwagen ins Ghetto transportiert.<br>Viele der \u00e4lteren deutschen Juden hatten sogenannte Heimeinkaufsvertr\u00e4ge abgeschlossen und nicht unerhebliche Betr\u00e4ge, manchmal ihr gesamtes Verm\u00f6gen, an den deutschen Staat abgegeben, um einen Platz in einem der \u201eAltenwohn- und Pflegeheime\u201c zu bekommen. Sie hofften damit den Transporten in den Osten zu entgehen. Erst in Theresienstadt erkannten sie, dass sie betrogen worden waren. Insgesamt wurden etwa 140.000 M\u00e4nner, Frauen und Kinder in das Theresienst\u00e4dter Ghetto deportiert. W\u00e4hrend der letzten Kriegstage wurden noch einmal 13.000 weitere Gefangene aus aufgegebenen Konzentrationslagern nach Theresienstadt geschickt. Die meisten Internierten kamen aus B\u00f6hmen und M\u00e4hren (ca. 74.000 Menschen) und dem Deutschen Reich (ca. 43.000). Ein Viertel der Gefangenen des Ghettos Theresienstadt (\u00fcber 33.000) starben dort vor allem wegen der unertr\u00e4glichen Lebensumst\u00e4nde. Mehr als 88.000 H\u00e4ftlinge wurden in Vernichtungslager deportiert. Nur 4000 von ihnen erlebten die Befreiung.<\/p>\n\n\n<h4>Die n\u00e4chsten Veranstaltungen<\/h4>\n<ul  class=\"eo-events eo-events-shortcode\"><\/ul>\n\n\n\n<h4 class=\"wp-block-heading\">Dokumente<\/h4>\n\n\n\n<ul class=\"wp-block-list\">\n<li><a href=\"https:\/\/moeckernkiez-ev.de\/Wordpress_MK\/2024\/07\/07\/ag-gleis-1-errichtet-einen-erinnerungsort-im-moeckernkiez\/\">Bericht<\/a> und <a href=\"https:\/\/youtu.be\/cyXqLy3w-v0\">Video<\/a> von der Einweihungsfeier vom 6.Juli 2024<\/li>\n\n\n\n<li><a href=\"https:\/\/moeckernkiez-ev.de\/Wordpress_MK\/wp-content\/uploads\/2024\/07\/Flyer_98x210_Gleis1_5.pdf\" target=\"_blank\" rel=\"noreferrer noopener\">Flyer<\/a> Erinnerung Gleis 1<\/li>\n\n\n\n<li><a href=\"https:\/\/moeckernkiez-ev.de\/Wordpress_MK\/wp-content\/uploads\/2025\/11\/Vortrag-von-Titus-Engel-ueber-die-Bedeutung-der-Theresienstaedter-Komponisten.pdf\">Vortrag von Titus Engel <\/a>\u00fcber die Bedeutung der Theresienst\u00e4dter Komponisten<\/li>\n\n\n\n<li><a href=\"https:\/\/moeckernkiez-ev.de\/Wordpress_MK\/wp-content\/uploads\/2025\/11\/Konzertbericht-Berliner-Morgenpost-15.10.2024.pdf\">Konzertbericht<\/a> Berliner Morgenpost vom 15.10.2024<\/li>\n\n\n\n<li><a href=\"https:\/\/moeckernkiez-ev.de\/Wordpress_MK\/wp-content\/uploads\/2025\/02\/Konzertbericht.pdf\">Konzertbericht<\/a> aus dem Mitgliederrundbrief 92, Januar 2025, des Aktiven Museums. Faschismus und Widerstand in Berlin e.V.<\/li>\n\n\n\n<li><a href=\"https:\/\/moeckernkiez-ev.de\/Wordpress_MK\/wp-content\/uploads\/2025\/03\/Leo-Haas-Ausstellungsbericht.pdf\">Ausstellungsbericht<\/a> Leo Haas (M\u00e4rz 2025)<\/li>\n\n\n\n<li>Erinnerungsweg &#8211; <a href=\"https:\/\/moeckernkiez-ev.de\/Wordpress_MK\/wp-content\/uploads\/2025\/11\/Erinnerungsweg-Gleis1-Vernissage-18.07.2025.pdf\">Vernissage<\/a> &#8222;Schriftzug&#8220; vom 18.7.2025<\/li>\n\n\n\n<li><a href=\"https:\/\/moeckernkiez-ev.de\/Wordpress_MK\/wp-content\/uploads\/2025\/07\/Depor_tation-von-Berliner-Juden-\u2013-Gleis-1-\u2013-Der-vergessene-Ausgangspunkt-in-den-Tod-_-nd-aktuell.de_.pdf\">Artikel in nd-aktuell.de<\/a> \u00fcber die Installation im Berliner Gleisdreieick vom 23.7.2025 (G\u00fcnter Piening)<\/li>\n<\/ul>\n\n\n\n<h4 class=\"wp-block-heading\">Presseberichte<\/h4>\n\n\n\n<p><strong>Die Berliner Presse berichtete von unseren Veranstaltungen wie folgt<\/strong><\/p>\n\n\n\n<blockquote class=\"wp-block-quote is-layout-flow wp-block-quote-is-layout-flow\">\n<p>Tageszeitung, 07.07.2024:<\/p>\n\n\n\n<p>&#8222;(\u2026) Am Samstag wurde nun am Yorckplatz, der direkt an den M\u00f6ckernkiez grenzt, (\u2026) der \u201eErinnerungsort Gleis 1\u201c mit einem kleinen Festakt eingeweiht. (\u2026) Auf einer Tafel wird erkl\u00e4rt, was an diesem Ort passiert ist. Daneben steht ein rostiger Umleger, auch Weichenbock genannt. Er wurde auf dem Gel\u00e4nde gefunden, das nun der Genossenschaft geh\u00f6rt. (\u2026) Der schlichte Metallklotz entfaltet eine Symbolkraft, wie es einem noch so aufwendig k\u00fcnstlerisch gestalteten Denkmal nur schwer gelungen (sic!) w\u00fcrde. Dieser historische Umleger (\u2026) legte die Weichen direkt in die Vernichtung (&#8230;).<br><\/p>\n<\/blockquote>\n\n\n\n<blockquote class=\"wp-block-quote is-layout-flow wp-block-quote-is-layout-flow\">\n<p>Berliner Morgenpost, 15.10.2024<\/p>\n\n\n\n<p>\u201eDie Arbeitsgemeinschaft \u00b4Erinnerung Gleis 1` im M\u00f6ckernkiez erinnert an die in Auschwitz ermordeten K\u00fcnstler. Die Musikveranstaltung ist klein, aber mit Treffsicherheit kuratiert \u2013 und das ist angemessen. Von diesem Ort aus wurden die j\u00fcdischen Einwohnerinnen und Einwohner in das Ghetto Theresienstadt deportiert, (\u2026) inhaftierte Komponisten wurden nach Auschwitz gebracht und ermordet. Das ist (\u2026) genau 80 Jahre her (\u2026).<\/p>\n<\/blockquote>\n\n\n\n<p class=\"has-text-align-right has-small-font-size\">gef\u00f6rdert durch den Berliner Senat<\/p>\n\n\n\n<figure class=\"wp-block-image alignright is-resized\"><img loading=\"lazy\" decoding=\"async\" width=\"1024\" height=\"171\" src=\"https:\/\/moeckernkiez-ev.de\/Wordpress_MK\/wp-content\/uploads\/2024\/06\/Senatslogo-jpeg-1024x171.jpg\" alt=\"\" class=\"wp-image-4390\" style=\"width:312px;height:auto;margin-top:-10px; margin-bottom:20px\" srcset=\"https:\/\/moeckernkiez-ev.de\/Wordpress_MK\/wp-content\/uploads\/2024\/06\/Senatslogo-jpeg-1024x171.jpg 1024w, https:\/\/moeckernkiez-ev.de\/Wordpress_MK\/wp-content\/uploads\/2024\/06\/Senatslogo-jpeg-300x50.jpg 300w, https:\/\/moeckernkiez-ev.de\/Wordpress_MK\/wp-content\/uploads\/2024\/06\/Senatslogo-jpeg-768x128.jpg 768w, https:\/\/moeckernkiez-ev.de\/Wordpress_MK\/wp-content\/uploads\/2024\/06\/Senatslogo-jpeg-1536x256.jpg 1536w, https:\/\/moeckernkiez-ev.de\/Wordpress_MK\/wp-content\/uploads\/2024\/06\/Senatslogo-jpeg-2048x341.jpg 2048w, https:\/\/moeckernkiez-ev.de\/Wordpress_MK\/wp-content\/uploads\/2024\/06\/Senatslogo-jpeg-1320x220.jpg 1320w\" sizes=\"auto, (max-width: 1024px) 100vw, 1024px\" \/><\/figure>\n\n\n\n<p><\/p>\n","protected":false},"excerpt":{"rendered":"<p>English version, Hebrew version, \u010cesk\u00e1 verze, Version fran\u00e7aise, Versi\u00f3n espa\u00f1ola, japanese version, Version leichte Sprache Das Anliegen Im Jahr 2024 wurde von der Arbeitsgemeinschaft \u201eErinnerungsort Gleis 1\u201c auf dem Gel\u00e4nde der genossenschaftlichen Wohnanlage M\u00f6ckernkiez eG in Berlin-Kreuzberg ein \u201eErinnerungsort\u201c geschaffen. Hier befindet sich seither ein historischer Weichenbock, mit dem Weichen umgelegt wurden, sowie eine Infotafel. &#8230; <\/p>\n<p class=\"read-more-container\"><a title=\"Erinnerung Gleis 1\" class=\"read-more button\" href=\"https:\/\/moeckernkiez-ev.de\/Wordpress_MK\/erinnerung-gleis-1\/#more-3910\" aria-label=\"Mehr Informationen \u00fcber Erinnerung Gleis 1\">Beitrag lesen<\/a><\/p>\n","protected":false},"author":4,"featured_media":0,"parent":0,"menu_order":0,"comment_status":"closed","ping_status":"closed","template":"","meta":{"footnotes":""},"class_list":["post-3910","page","type-page","status-publish"],"publishpress_future_action":{"enabled":false,"date":"2026-04-12 15:02:54","action":"change-status","newStatus":"draft","terms":[],"taxonomy":"","extraData":[]},"publishpress_future_workflow_manual_trigger":{"enabledWorkflows":[]},"_links":{"self":[{"href":"https:\/\/moeckernkiez-ev.de\/Wordpress_MK\/wp-json\/wp\/v2\/pages\/3910","targetHints":{"allow":["GET"]}}],"collection":[{"href":"https:\/\/moeckernkiez-ev.de\/Wordpress_MK\/wp-json\/wp\/v2\/pages"}],"about":[{"href":"https:\/\/moeckernkiez-ev.de\/Wordpress_MK\/wp-json\/wp\/v2\/types\/page"}],"author":[{"embeddable":true,"href":"https:\/\/moeckernkiez-ev.de\/Wordpress_MK\/wp-json\/wp\/v2\/users\/4"}],"replies":[{"embeddable":true,"href":"https:\/\/moeckernkiez-ev.de\/Wordpress_MK\/wp-json\/wp\/v2\/comments?post=3910"}],"version-history":[{"count":79,"href":"https:\/\/moeckernkiez-ev.de\/Wordpress_MK\/wp-json\/wp\/v2\/pages\/3910\/revisions"}],"predecessor-version":[{"id":10460,"href":"https:\/\/moeckernkiez-ev.de\/Wordpress_MK\/wp-json\/wp\/v2\/pages\/3910\/revisions\/10460"}],"wp:attachment":[{"href":"https:\/\/moeckernkiez-ev.de\/Wordpress_MK\/wp-json\/wp\/v2\/media?parent=3910"}],"curies":[{"name":"wp","href":"https:\/\/api.w.org\/{rel}","templated":true}]}}