{"id":856,"date":"2023-02-09T13:03:38","date_gmt":"2023-02-09T12:03:38","guid":{"rendered":"http:\/\/test.moeckernkiez-ev.de\/?page_id=856"},"modified":"2025-12-19T13:13:47","modified_gmt":"2025-12-19T12:13:47","slug":"nachbarschaftshilfe","status":"publish","type":"page","link":"https:\/\/moeckernkiez-ev.de\/Wordpress_MK\/nachbarschaftshilfe\/","title":{"rendered":"Nachbarschaftshilfe"},"content":{"rendered":"\n<p>Die AG Nachbarschaftshilfe versteht ihre Aktivit\u00e4ten als Angebot solidarischer Alltagsunterst\u00fctzung untereinander im M\u00f6ckernkiez und in der unmittelbaren Nachbarschaft und hat ihre Arbeit bis jetzt auf folgende Weise konkretisiert:<\/p>\n\n\n\n<ul class=\"wp-block-list\">\n<li>Wir sammeln Informationen \u00fcber Beratungs- und Hilfsangebote und stellen diese im regionalen Umfeld des M\u00f6ckernkiezes zur Verf\u00fcgung<br><\/li>\n\n\n\n<li>Wir organisieren Informationsveranstaltungen zu Themen wie Patientenverf\u00fcgung, Betreuungsvollmacht und Kurse zur &#8218;Letzte-Hilfe&#8216;. Veranstaltungen zu assistiertem Suizid, Hospitz- und Palliativversorgung.<br><\/li>\n\n\n\n<li>Ebenso bieten wir Schuldnerberatung und Unterst\u00fctzung in F\u00e4llen von Identit\u00e4tsdiebstahl an.<br><\/li>\n\n\n\n<li>Wir laden ein zu Filmabenden mit anschlie\u00dfendem Gespr\u00e4ch.<br><\/li>\n\n\n\n<li>Mitglieder unserer Gruppe beteiligen sich an den vielf\u00e4ltigen Aktivit\u00e4ten des &#8222;Netzwerk f\u00fcr mehr Teilhabe \u00e4lterer Menschen in Kreuzberg&#8220; <a href=\"www.\u00e4lter-werden-in-kreuzberg.de\">www.\u00e4lter-werden-in-kreuzberg.de<\/a><br><\/li>\n\n\n\n<li>Wir sind bereit, auf Anfrage Unterst\u00fctzung\/Beratung f\u00fcr pflegende Angeh\u00f6rige oder Hausgruppen in konkreten F\u00e4llen zu geben.<br><\/li>\n\n\n\n<li>Wir organisieren, dass Mitarbeiter*innen des <a href=\"https:\/\/www.pflegestuetzpunkteberlin.de\/\">Pflegest\u00fctzpunktes Friedrichshain- Kreuzberg<\/a> &nbsp;f\u00fcr individuelle Beratungen zu uns in den M\u00f6ckernkiez. kommen. Der Termin, im Besprechungsraum des Forums (M\u00f6ckernkiez 2) &nbsp;findet nur statt, wenn sich Interessierte verbindlich bis sp\u00e4testens 1 Woche vor dem Termin <strong>per <a href=\"mailto:nachbarschaftshilfe@moeckernkiez-ev.de\">Email<\/a> bei&nbsp;uns<\/strong> angemeldet haben. Der Pflegest\u00fctzpunkt informiert anbieterunabh\u00e4ngig \u00fcber gesetzliche Anspr\u00fcche und kann individuelle Fragen beantworten. Die aktuellen Termine sind bei uns zu erfragen und h\u00e4ngen in den H\u00e4usern aus.&nbsp;<br><\/li>\n\n\n\n<li><strong>Kontakt f\u00fcr Anfragen und Anmeldung zur&nbsp;Sprechstunde des Pflegest\u00fctzpunktes:&nbsp;<a href=\"mailto:nachbarschaftshilfe@moeckernkiez-ev.de\">Email <\/a><\/strong><\/li>\n<\/ul>\n\n\n\n<p>Zus\u00e4tzlich &nbsp;arbeiten wir zu folgenden Themenschwerpunkten:<\/p>\n\n\n\n<ul class=\"wp-block-list\">\n<li>Wie kann freiwillige Nachbarschaftshilfe und professionelle Hilfe durch Pflegedienste sinnvoll verkn\u00fcpft werden?<br><\/li>\n\n\n\n<li>Welcher Pflegedienst unterst\u00fctzt unsere Werte wie zum Beispiel Selbstbestimmung, Teilhabe, Solidarit\u00e4t und ist interessiert mit unserer freiwillig organisierten Nachbarschaftshilfe zu kooperieren?<br><\/li>\n\n\n\n<li>Welche besondere Unterst\u00fctzung\/Begleitung brauchen Menschen mit demenziellen Erkrankungen<\/li>\n<\/ul>\n","protected":false},"excerpt":{"rendered":"<p>Die AG Nachbarschaftshilfe versteht ihre Aktivit\u00e4ten als Angebot solidarischer Alltagsunterst\u00fctzung untereinander im M\u00f6ckernkiez und in der unmittelbaren Nachbarschaft und hat ihre Arbeit bis jetzt auf folgende Weise konkretisiert: Zus\u00e4tzlich &nbsp;arbeiten wir zu folgenden Themenschwerpunkten:<\/p>\n","protected":false},"author":4,"featured_media":0,"parent":0,"menu_order":0,"comment_status":"closed","ping_status":"closed","template":"","meta":{"footnotes":""},"class_list":["post-856","page","type-page","status-publish"],"publishpress_future_action":{"enabled":false,"date":"2026-04-10 19:40:05","action":"change-status","newStatus":"draft","terms":[],"taxonomy":"","extraData":[]},"publishpress_future_workflow_manual_trigger":{"enabledWorkflows":[]},"_links":{"self":[{"href":"https:\/\/moeckernkiez-ev.de\/Wordpress_MK\/wp-json\/wp\/v2\/pages\/856","targetHints":{"allow":["GET"]}}],"collection":[{"href":"https:\/\/moeckernkiez-ev.de\/Wordpress_MK\/wp-json\/wp\/v2\/pages"}],"about":[{"href":"https:\/\/moeckernkiez-ev.de\/Wordpress_MK\/wp-json\/wp\/v2\/types\/page"}],"author":[{"embeddable":true,"href":"https:\/\/moeckernkiez-ev.de\/Wordpress_MK\/wp-json\/wp\/v2\/users\/4"}],"replies":[{"embeddable":true,"href":"https:\/\/moeckernkiez-ev.de\/Wordpress_MK\/wp-json\/wp\/v2\/comments?post=856"}],"version-history":[{"count":6,"href":"https:\/\/moeckernkiez-ev.de\/Wordpress_MK\/wp-json\/wp\/v2\/pages\/856\/revisions"}],"predecessor-version":[{"id":9568,"href":"https:\/\/moeckernkiez-ev.de\/Wordpress_MK\/wp-json\/wp\/v2\/pages\/856\/revisions\/9568"}],"wp:attachment":[{"href":"https:\/\/moeckernkiez-ev.de\/Wordpress_MK\/wp-json\/wp\/v2\/media?parent=856"}],"curies":[{"name":"wp","href":"https:\/\/api.w.org\/{rel}","templated":true}]}}